et x = -77 - i. Let l(g) be the second derivative of g**5/20 + g**4/6 + g**3/2 + g**2 + g. Calculate l(x).
-16
Suppose -2 = -5*h + 13. Suppose 0 = 3*d + 15, -3*d + 1 = -5*m + 36. Suppose 0 = -3*o - 5*c + 21, 4*o - m*c = -h - 1. Let s(g) = g**2 + 2. Calculate s(o).
6
Let o(i) = 0 + 2 - 749*i + 747*i + 0. Let m(j) be the first derivative of j**2 - j + 1. Let d(w) = -3*m(w) - 2*o(w). What is d(4)?
-9
Suppose -12 - 12 = 4*r. Let i(d) = 5 - 1180*d - 1146*d + 2328*d. What is i(r)?
-7
Let c(v) = 15*v - 13*v - v**2 + 2*v**2 + 6*v - 8. Determine c(-9).
1
Let t(u) = -3*u**2 + 2*u**2 - 3 + 224*u + 23 - 117*u - 112*u. Determine t(-7).
6
Let u = -23 + 25. Let p be u/(-11) + 40/(-22). Let q(z) be the second derivative of -z**5/20 - z**4/12 - z**2/2 + z. Determine q(p).
3
Let g(i) = 3*i**3 + 2*i**2 - 14*i + 3. Let n(h) = 2*h**3 + h**2 - 9*h + 2. Let q(j) = -5*g(j) + 8*n(j). Let r(f) = 9*f + 146. Let d be r(-16). Give q(d).
-3
Let d(m) = m**2 - 7. Let l be -1 + 0 - (-2 + 1). Give d(l).
-7
Let p(f) = 11*f**3 + 7*f + 10 + 6*f**2 + 0*f**2 - 12*f**3 + 2*f. Determine p(7).
24
Let z(d) = 6*d - 19. Let x(b) = -11*b + 38. Let w(i) = 4*x(i) + 7*z(i). Calculate w(9).
1
Let s(t) = 13*t + 11. Let c(m) = 8*m + 6. Let y(g) = 7*c(g) - 4*s(g). Determine y(2).
6
Let a(f) = f**3 + 3*f**2 - 4*f - 6. Let r = -123 + 85. Let h be r/10 + (-14)/70. Determine a(h).
-6
Let u(v) be the first derivative of -v**2 - v + 2. Let z(k) = k**3 - 3*k**2 - 4*k + 3. Let w be z(4). Let j be (4/w)/((-2)/9). Give u(j).
11
Let m(r) = -3*r - 4. Let y = -675 - -675. What is m(y)?
-4
Let l = -94 - -97. Let z(b) = -5*b + 6*b + 2*b**2 + b**l - 5*b**2 - 2*b**2. What is z(4)?
-12
Let v(f) = f - 3. Let m(o) = 2*o - 18. Let g(b) = -b**3 - 12*b**2 - 3*b - 23. Let j be g(-12). Let z be m(j). What is v(z)?
5
Let s(b) = 3*b + b**2 - 6*b**2 + 3 - 1 + b**3. Let q(t) = -82 - t**3 + 6*t**2 + t + 0*t + 80. Let u be q(6). What is s(u)?
-2
Let q(h) = -2*h - 5. Let p(y) = -3*y - 10. Let z(g) = -5*p(g) + 4*q(g). What is z(-5)?
-5
Let o(p) = p**2 - 6*p + 20. Let y = 486 - 482. Determine o(y).
12
Let g(y) be the second derivative of -y**3 + y**2/2 - 48*y. Let b = 36 - 32. Calculate g(b).
-23
Let c(s) be the second derivative of -s**4/12 + 5*s**3/6 - 5*s**2/2 + 2*s + 31. What is c(4)?
-1
Let h = 40 - 37. Let r(z) = -z**2 - 2*z + 4. Suppose -5*p - 24 = -9. Let x(t) = 3*t**2 + 5*t - 12. Let l(d) = p*x(d) - 8*r(d). Give l(h).
-2
Let m = -70 + 86. Let r = m + -20. Let v(o) = o**3 + 6*o**2 + 3*o + 5. What is v(r)?
25
Let g(y) = -y**3 + 9*y**2 + 21*y - 3. Let t be ((-882)/21)/6 + 18 + 0. Determine g(t).
-14
Let a(i) = -4*i**2 + 12*i - 2. Let n(q) = -13*q**2 + 37*q - 5. Let h(m) = -7*a(m) + 2*n(m). Calculate h(4).
-4
Let o = -45 - -62. Let f = o + -15. Let l(x) = -x**3 + 4*x**2 - 3*x + 3. Calculate l(f).
5
Let t(k) = -5*k - 16. Let f(b) = -32*b - 102. Let w(i) = -6*f(i) + 39*t(i). Calculate w(-6).
6
Let y(w) = w**2 + 2*w + 1. Let d be y(-3). Suppose 0 = r - 4, d*k - 4 = r + 16. Let s(t) = 3 + 6*t + 0*t**2 - k + t**2. Give s(-6).
-3
Let c(z) = -z**2 - 7*z + 5. Let d be -6*4/(-5)*(-25)/15. Let t be c(d). Let p(m) = -5 - 4*m**2 + 1 + 5*m**2 + m. What is p(t)?
2
Let l be (-2 + 9 - 0)*(-60)/(-105). Let r(u) = 6*u + 8. Let b(s) be the third derivative of s**4/12 + s**3/2 - s**2. Let i(g) = -14*b(g) + 5*r(g). What is i(l)?
6
Let g(l) = l**3 + 12*l**2 + 34*l - 6. Let q be g(-6). Suppose -32 = v - 5*v. Let t(r) = 5 + 0 + r**2 - v*r - 1. What is t(q)?
-8
Let j(m) = -m**3 - 6*m**2 - 3*m - 3. Let l(r) = -2*r**3 - 11*r**2 - 6*r - 3. Let q(u) = -5*j(u) + 2*l(u). Determine q(-7).
37
Let a = 230/9 + -227/9. Let x(u) be the first derivative of a*u**3 + 0*u + 3/2*u**2 - 1. Determine x(-5).
10
Let m(n) = -n + 24. Let u be ((-380)/(-12))/(110/66). What is m(u)?
5
Let c(g) = -10 + 8*g + 2*g**2 - 3*g**2 + 3. Let d(w) = -w**2 + 3*w + 24. Let l be d(-3). Calculate c(l).
5
Let d(y) = -y + 8. Let w be d(6). Let i(o) = -2*o**2 - 2*o**2 - 4*o - 2*o**2 + o**3 + w. Determine i(6).
-22
Let k be 3/(-6)*6 + 15. Suppose -4*n + 5 = 3*z, z - k = -2*z + 3*n. Let r(p) = -p**3 + 2*p**2 + p - 1. Calculate r(z).
-7
Let o = -92 - -58. Suppose g - 102 = 3*y, y = -g - 10 - 24. Let n = o - y. Let j(s) = s - 6. What is j(n)?
-6
Let d(x) = -x**2 - 21*x - 3 + 4 + 9 + 27*x. Calculate d(9).
-17
Let u = 60 + -59. Let w(f) = f**2 - f - 1. Let i(g) = 5*g**2 + 3*g + 2. Let a(z) = -i(z) - 2*w(z). What is a(u)?
-8
Let l(q) = 5*q**3 - 20*q**2 + 25*q - 8. Let n(g) = -2*g**3 + 7*g**2 - 9*g + 3. Let t(a) = -4*l(a) - 11*n(a). What is t(2)?
25
Let h(r) = r**3 - 8*r**2 + 1. Let d(j) = 2*j**2 - 2*j - 4. Let g be d(3). Let u be h(g). Let s = 6 - u. Let n(w) = w + 3. What is n(s)?
8
Suppose -2*s - 38 = 3*q, -3*q - 5*s = -0*q + 41. Let p = -18 - q. Let n be (48/(-28))/(p/21). Let c(m) = -m**3 + 6*m**2 + 5. Determine c(n).
5
Let t(n) be the third derivative of n**5/60 + n**4/24 + n**3/6 - 2*n**2. Suppose 72 + 48 = 3*c. Let k be 18/99 + c/22. Calculate t(k).
7
Let d(u) be the second derivative of -5/2*u**2 + 21*u + 1/6*u**3 + 0. Give d(8).
3
Let z(x) = -6*x**2 - 2*x - 1. Let s(p) be the second derivative of -11*p**4/12 - p**3/2 - p**2 + 32*p. Let o(i) = -4*s(i) + 7*z(i). What is o(2)?
5
Let t(y) = -4*y + 5. Let z be t(0). Let b(g) = -g + 5*g - 3*g - z*g**2 + 0*g. Calculate b(1).
-4
Suppose 2*c + 3*z - 19 = 0, -z + 0*z = -3. Let k(t) = 3*t**2 - t + 5*t - c*t - 2*t - 4 + t**3. What is k(-3)?
5
Let l be 5 + (2/10 - 82/10). Let p(d) be the second derivative of d**5/20 + d**4/6 - d**3/3 + d**2 - d. Determine p(l).
-1
Let u(h) = -h**3 - 5*h**2 - 4*h - 5. Let o = 60 + -56. Suppose o*x + s + 14 = 0, 0*s - 4*s - 12 = 5*x. Determine u(x).
-5
Let t(h) = -3*h - 6. Let w(v) = 18*v - 79. Let g be w(4). Determine t(g).
15
Let m = -3 + 8. Let a(t) be the third derivative of t**5/60 - t**4/4 - t**3/6 + 2*t**2 - 3. Calculate a(m).
-6
Let j(m) = -m**2 - 5*m - 6. Suppose -4*n + 100 = 5*h, n + 36 = 3*n - h. Suppose 7*d + n = 3*d. What is j(d)?
-6
Suppose 0 = 3*r + 19 - 4. Let z(b) = -b**3 + 4*b**2 - 2. Let h be z(3). Let o(x) = -4*x - 4 + h*x - x + 2. Give o(r).
-12
Let y = -172 + 161. Let v(o) = -o - 8. Determine v(y).
3
Let l = -198 - -207. Let c(a) = a**2 - 8*a - 4. Give c(l).
5
Let c(h) = -4*h**2 + 6*h + 9. Let p(w) = -5*w**2 + 6*w + 9. Let y(q) = -q**3 + 8*q**2 + 2*q - 19. Let u be y(8). Let r(m) = u*p(m) + 4*c(m). Determine r(7).
2
Let o = 25 - 32. Let f(w) = w**3 - 3*w**2 + 6*w + 3. Let h(c) = -c**3 + 2*c**2 - 5*c - 2. Let r(b) = o*h(b) - 6*f(b). Calculate r(-3).
8
Let d(o) = -o**2 - o + 3. Suppose 4*m = -0*m. Suppose v + m - 13 = 0. Let l be v/(-4) - 3/(-12). What is d(l)?
-3
Let j(i) be the second derivative of 0*i**2 + 2/3*i**3 + 0 + 20*i. Determine j(1).
4
Let x = -36 - -40. Let r(v) = 1 - x*v + v + v**2 + 5*v. Let b(c) = -3*c. Let a be b(1). What is r(a)?
4
Let q(g) = g**2 - g - 2. Let n = -5 - -9. Suppose 11*c = n*c + 14. What is q(c)?
0
Let o(g) = 3*g + 3. Let x be (1 + (-2)/(-5))/(15/(-75)). Give o(x).
-18
Let m(d) = -4*d**3 - 2*d**2 + 4*d - 3. Let t(y) = 4*y + 60. Let w be t(-14). Let a(s) = -5*s**3 - 3*s**2 + 4*s - 3. Let c(r) = w*m(r) - 3*a(r). What is c(2)?
1
Let z(r) = 144 - r - 144. Let v be 108/14 + (-6)/(-21). Determine z(v).
-8
Suppose 12 = 4*j - 4. Let s be 0*((-16)/j)/4. Let x(h) = 2*h**3 + h + 2. Let b(g) = -3*g**3 - 2*g - 5. Let o(c) = -3*b(c) - 5*x(c). Give o(s).
5
Let j(b) = -b**2 - 3*b + 7. Let x be (-15)/(-3) - (-2 - -3). Suppose -10 = 6*d - x*d. Give j(d).
-3
Let h(p) = p**3 - 8*p**2 - 8*p - 6. Suppose 141 = 2*l - 5*f, 3*l + 5*f - 180 = 2*f. Suppose 2*s = -5*s + l. Determine h(s).
3
Let q(u) = -7*u**3 - 11*u**2 - 6*u + 7. Let j(l) = -12*l**3 - 21*l**2 - 11*l + 13. Let k(w) = 3*j(w) - 5*q(w). Give k(-7).
-24
Let s(m) = 3*m**3 + 18*m**2 - 21*m - 11. Let k(b) = 4*b**3 + 27*b**2 - 31*b - 17. Let v(h) = 5*k(h) - 7*s(h). Determine v(8).
-8
Let q(y) = -6*y**2 - 8*y + 6. Let t(p) = -5*p**2 - 7*p + 5. Let m(i) = -6*q(i) + 7*t(i). Let k be 2/(-8) - 65/(-20). Suppose -14*n = -11*n + k. What is m(n)?
1
Let d(c) = -37*c + 143*c - 38*c - 28*c - 1 - 35*c. Give d(-1).
-6
Let d(n) = 7*n**3 - 3*n**2 - 7*n - 8. Let i(x) = -3*x**3 + x**2 + 3*x + 3. Let v(m) = -2*d(m) - 5*i(m). Determine v(1).
2
Let h be (10 + -2 - 1) + -3. Let u be (9 - h) + (-2)/2. Suppose f + u = -f. Let j(x) = x - 1. Determine j(f).